{"id":1268,"date":"2025-08-13T17:07:13","date_gmt":"2025-08-13T15:07:13","guid":{"rendered":"https:\/\/et-musique.fr\/?page_id=1268"},"modified":"2025-12-11T22:07:33","modified_gmt":"2025-12-11T21:07:33","slug":"releve-de-rythmes","status":"publish","type":"page","link":"https:\/\/et-musique.fr\/index.php\/je-mentraine-2\/releve-de-rythmes\/","title":{"rendered":"Relev\u00e9 de rythmes"},"content":{"rendered":"<p style=\"text-align: center;\">Clique sur le relev\u00e9 de rythmes que tu veux faire.<\/p>\n<p style=\"text-align: center;\">Pr\u00e9pare une feuille avec un crayon et une gomme.<\/p>\n<p style=\"text-align: center;\">Puis \u00e9coute le relev\u00e9 de rythmes, \u00e9cris le sur ta feuille.<\/p>\n<p style=\"text-align: center;\">Lorsque tu as fini, clique sur le bouton retourner, tu auras la r\u00e9ponse.<\/p>\n<p>&nbsp;<\/p>\n<p><a href=\"https:\/\/et-musique.fr\/index.php\/je-mentraine-2\/releve-de-rythmes\/releve-n-1-noire-blanche-ronde-soupir\/\" target=\"_blank\" rel=\"noopener\">Relev\u00e9 n\u00b0 1<\/a> : noire\/blanche\/ronde\/soupir\u00a0 \u00a0(niveau 1C 1)<\/p>\n<p><a href=\"https:\/\/et-musique.fr\/index.php\/je-mentraine-2\/releve-de-rythmes\/releve-n-2-les-croches\/\" target=\"_blank\" rel=\"noopener\">Relev\u00e9 n\u00b02<\/a> : croches (niveau 1C 1)<\/p>\n<p><a href=\"https:\/\/et-musique.fr\/index.php\/je-mentraine-2\/releve-de-rythmes\/releve-n3-4-doubles-croches-blanche-pointee\/\" target=\"_blank\" rel=\"noopener\">Relev\u00e9 n\u00b03<\/a> : 4 doubles croches\/blanche point\u00e9e (niveau 1C 1)<\/p>\n","protected":false},"excerpt":{"rendered":"<p>Clique sur le relev\u00e9 de rythmes que tu veux faire. Pr\u00e9pare une feuille avec un crayon et une gomme. Puis \u00e9coute le relev\u00e9 de rythmes, \u00e9cris le sur ta feuille. Lorsque tu as fini, clique sur le bouton retourner, tu &hellip; <\/p>\n","protected":false},"author":1,"featured_media":0,"parent":1200,"menu_order":0,"comment_status":"closed","ping_status":"closed","template":"","meta":{"footnotes":""},"class_list":["post-1268","page","type-page","status-publish","hentry"],"_links":{"self":[{"href":"https:\/\/et-musique.fr\/index.php\/wp-json\/wp\/v2\/pages\/1268","targetHints":{"allow":["GET"]}}],"collection":[{"href":"https:\/\/et-musique.fr\/index.php\/wp-json\/wp\/v2\/pages"}],"about":[{"href":"https:\/\/et-musique.fr\/index.php\/wp-json\/wp\/v2\/types\/page"}],"author":[{"embeddable":true,"href":"https:\/\/et-musique.fr\/index.php\/wp-json\/wp\/v2\/users\/1"}],"replies":[{"embeddable":true,"href":"https:\/\/et-musique.fr\/index.php\/wp-json\/wp\/v2\/comments?post=1268"}],"version-history":[{"count":11,"href":"https:\/\/et-musique.fr\/index.php\/wp-json\/wp\/v2\/pages\/1268\/revisions"}],"predecessor-version":[{"id":1364,"href":"https:\/\/et-musique.fr\/index.php\/wp-json\/wp\/v2\/pages\/1268\/revisions\/1364"}],"up":[{"embeddable":true,"href":"https:\/\/et-musique.fr\/index.php\/wp-json\/wp\/v2\/pages\/1200"}],"wp:attachment":[{"href":"https:\/\/et-musique.fr\/index.php\/wp-json\/wp\/v2\/media?parent=1268"}],"curies":[{"name":"wp","href":"https:\/\/api.w.org\/{rel}","templated":true}]}}