{"id":128,"date":"2023-09-29T10:56:14","date_gmt":"2023-09-29T08:56:14","guid":{"rendered":"https:\/\/et-musique.fr\/?page_id=128"},"modified":"2023-09-29T10:56:14","modified_gmt":"2023-09-29T08:56:14","slug":"decouvrir-son-repertoire","status":"publish","type":"page","link":"https:\/\/et-musique.fr\/index.php\/laccordeon\/decouvrir-son-repertoire\/","title":{"rendered":"D\u00e9couvrir son r\u00e9pertoire"},"content":{"rendered":"<p>\u00a0<\/p>\n<p>\u00a0<\/p>\n<p>\u00a0<\/p>\n<ul>\n<li style=\"list-style-type: none;\">\n<ul>\n<li style=\"list-style-type: none;\">\n<ul>\n<li><span style=\"font-size: 14pt;\">L&rsquo;accord\u00e9on\u00a0\u00bbbasses standard\u00a0\u00bb<\/span><\/li>\n<\/ul>\n<\/li>\n<\/ul>\n<\/li>\n<\/ul>\n<p>\u00a0<\/p>\n<ul>\n<li><span style=\"font-size: 14pt;\">L&rsquo;accord\u00e9on et le r\u00e9pertoire classique<\/span><\/li>\n<li><span style=\"font-size: 14pt;\">L&rsquo;accord\u00e9on et le r\u00e9pertoire contemporain<\/span><\/li>\n<li><span style=\"font-size: 14pt;\">L&rsquo;accord\u00e9on et le jazz<\/span><\/li>\n<li><span style=\"font-size: 14pt;\">L&rsquo;accord\u00e9on et la vari\u00e9t\u00e9, musique de film, s\u00e9rie t\u00e9l\u00e9vis\u00e9e<\/span><\/li>\n<\/ul>\n<h1><strong>L&rsquo;accord\u00e9on \u00ab\u00a0basses standard\u00a0\u00bb<br \/><\/strong><\/h1>\n<table style=\"width: 100%; border-collapse: collapse; border-color: #ffffff;\" border=\"1\">\n<tbody>\n<tr>\n<td style=\"width: 50%; border-color: #ffffff;\"><iframe loading=\"lazy\" src=\"\/\/www.youtube.com\/embed\/tsBCGMOHflA\" width=\"560\" height=\"315\" frameborder=\"0\" allowfullscreen=\"allowfullscreen\"><\/iframe><\/td>\n<td style=\"width: 50%; border-color: #ffffff;\"><iframe loading=\"lazy\" src=\"\/\/www.youtube.com\/embed\/nIngrZFrrAg\" width=\"560\" height=\"315\" frameborder=\"0\" allowfullscreen=\"allowfullscreen\"><\/iframe><\/td>\n<\/tr>\n<\/tbody>\n<\/table>\n<h1 style=\"text-align: left;\"><span style=\"font-size: 18pt;\"><strong>L&rsquo;accord\u00e9on \u00ab\u00a0basses chromatiques\u00a0\u00bb<\/strong><\/span><\/h1>\n<p><strong><span style=\"font-size: 14pt;\">R\u00e9pertoire fran\u00e7ais :<\/span><\/strong><\/p>\n<p style=\"text-align: center;\"><iframe loading=\"lazy\" src=\"\/\/www.youtube.com\/embed\/puUFpCv3Pa0\" width=\"560\" height=\"315\" frameborder=\"0\" allowfullscreen=\"allowfullscreen\"><\/iframe><\/p>\n<p><strong><span style=\"font-size: 14pt;\">R\u00e9pertoire russe :<\/span> <\/strong><\/p>\n<table style=\"width: 100%; border-collapse: collapse; border-color: #ffffff;\" border=\"1\">\n<tbody>\n<tr>\n<td style=\"width: 50%; border-color: #ffffff;\"><iframe loading=\"lazy\" src=\"\/\/www.youtube.com\/embed\/bQatkkxrst8\" width=\"560\" height=\"315\" frameborder=\"0\" allowfullscreen=\"allowfullscreen\"><\/iframe><\/td>\n<td style=\"width: 50%; border-color: #ffffff;\"><iframe loading=\"lazy\" src=\"\/\/www.youtube.com\/embed\/qinU0VVv8-0\" width=\"560\" height=\"315\" frameborder=\"0\" allowfullscreen=\"allowfullscreen\"><\/iframe><\/td>\n<\/tr>\n<tr>\n<td style=\"width: 50%; border-color: #ffffff;\"><iframe loading=\"lazy\" src=\"\/\/www.youtube.com\/embed\/zwnygP9xCUI\" width=\"560\" height=\"315\" frameborder=\"0\" allowfullscreen=\"allowfullscreen\"><\/iframe><\/td>\n<td style=\"width: 50%; border-color: #ffffff;\">\u00a0<\/td>\n<\/tr>\n<\/tbody>\n<\/table>\n<p>\u00a0<\/p>\n<h2><strong>R\u00e9pertoire scandinave :<\/strong><\/h2>\n<table style=\"width: 100%; border-collapse: collapse; border-color: #ffffff;\" border=\"1\">\n<tbody>\n<tr>\n<td style=\"width: 50%; border-color: #ffffff;\"><iframe loading=\"lazy\" src=\"\/\/www.youtube.com\/embed\/351V-8HVXMA\" width=\"560\" height=\"315\" frameborder=\"0\" allowfullscreen=\"allowfullscreen\"><\/iframe><\/td>\n<td style=\"width: 50%; border-color: #ffffff;\"><iframe loading=\"lazy\" src=\"\/\/www.youtube.com\/embed\/h_hEAvDf_Xo\" width=\"560\" height=\"315\" frameborder=\"0\" allowfullscreen=\"allowfullscreen\"><\/iframe><\/td>\n<\/tr>\n<\/tbody>\n<\/table>\n<p>\u00a0<\/p>\n<h1><span style=\"font-size: 18pt;\"><strong>L&rsquo;accord\u00e9on et le r\u00e9pertoire classique<\/strong><\/span><\/h1>\n<table style=\"width: 100%; border-collapse: collapse; border-color: #ffffff;\" border=\"1\">\n<tbody>\n<tr>\n<td style=\"width: 50%; border-color: #ffffff;\"><iframe loading=\"lazy\" src=\"\/\/www.youtube.com\/embed\/bQoqj5p9W4k\" width=\"560\" height=\"315\" frameborder=\"0\" allowfullscreen=\"allowfullscreen\"><\/iframe><\/td>\n<td style=\"width: 50%; border-color: #ffffff;\"><iframe loading=\"lazy\" src=\"\/\/www.youtube.com\/embed\/eDFFUIGoBUc\" width=\"560\" height=\"315\" frameborder=\"0\" allowfullscreen=\"allowfullscreen\"><\/iframe><\/td>\n<\/tr>\n<tr>\n<td style=\"width: 50%; border-color: #ffffff;\"><iframe loading=\"lazy\" src=\"\/\/www.youtube.com\/embed\/RNjH3OYfT-Y\" width=\"560\" height=\"315\" frameborder=\"0\" allowfullscreen=\"allowfullscreen\"><\/iframe><\/td>\n<td style=\"width: 50%; border-color: #ffffff;\"><iframe loading=\"lazy\" src=\"\/\/www.youtube.com\/embed\/H2CS63MuyCk\" width=\"560\" height=\"315\" frameborder=\"0\" allowfullscreen=\"allowfullscreen\"><\/iframe><\/td>\n<\/tr>\n<\/tbody>\n<\/table>\n<p>\u00a0<\/p>\n<h1><strong><span style=\"font-size: 18pt;\">L&rsquo;accord\u00e9on et le r\u00e9pertoire contemporain<\/span><\/strong><\/h1>\n<table style=\"width: 100%; border-collapse: collapse; border-color: #ffffff;\" border=\"1\">\n<tbody>\n<tr>\n<td style=\"width: 50%; border-color: #ffffff;\"><iframe loading=\"lazy\" src=\"\/\/www.youtube.com\/embed\/QSL41Y8GRfQ\" width=\"560\" height=\"315\" frameborder=\"0\" allowfullscreen=\"allowfullscreen\"><\/iframe><\/td>\n<td style=\"width: 50%; border-color: #ffffff;\"><iframe loading=\"lazy\" src=\"\/\/www.youtube.com\/embed\/nleFQ3KjM9Y\" width=\"560\" height=\"315\" frameborder=\"0\" allowfullscreen=\"allowfullscreen\"><\/iframe><\/td>\n<\/tr>\n<tr>\n<td style=\"width: 50%; border-color: #ffffff;\"><iframe loading=\"lazy\" src=\"\/\/www.youtube.com\/embed\/gS9FbhU3Ylk\" width=\"560\" height=\"315\" frameborder=\"0\" allowfullscreen=\"allowfullscreen\"><\/iframe><\/td>\n<td style=\"width: 50%; border-color: #ffffff;\">\u00a0<\/td>\n<\/tr>\n<\/tbody>\n<\/table>\n<p>\u00a0<\/p>\n<h1><strong><span style=\"font-size: 18pt;\">L&rsquo;accord\u00e9on et le jazz<\/span><\/strong><\/h1>\n<table style=\"width: 100%; border-collapse: collapse; border-color: #ffffff;\" border=\"1\">\n<tbody>\n<tr>\n<td style=\"width: 50%; border-color: #ffffff;\"><iframe loading=\"lazy\" src=\"\/\/www.youtube.com\/embed\/7FgZ774eiLk\" width=\"560\" height=\"315\" frameborder=\"0\" allowfullscreen=\"allowfullscreen\"><\/iframe><\/td>\n<td style=\"width: 50%; border-color: #ffffff;\"><iframe loading=\"lazy\" src=\"\/\/www.youtube.com\/embed\/qrP_H87vFpo\" width=\"560\" height=\"315\" frameborder=\"0\" allowfullscreen=\"allowfullscreen\"><\/iframe><\/td>\n<\/tr>\n<\/tbody>\n<\/table>\n<p>\u00a0<\/p>\n<h1><strong><span style=\"font-size: 18pt;\">L&rsquo;accord\u00e9on et le concerto<\/span><\/strong><\/h1>\n<table style=\"width: 100%; border-collapse: collapse; border-color: #ffffff;\" border=\"1\">\n<tbody>\n<tr>\n<td style=\"width: 50%; border-color: #ffffff;\"><iframe loading=\"lazy\" src=\"\/\/www.youtube.com\/embed\/PcnLFzcuOLs\" width=\"560\" height=\"315\" frameborder=\"0\" allowfullscreen=\"allowfullscreen\"><\/iframe><\/td>\n<td style=\"width: 50%; border-color: #ffffff;\"><iframe loading=\"lazy\" src=\"\/\/www.youtube.com\/embed\/d3eJDrYpKEA\" width=\"560\" height=\"315\" frameborder=\"0\" allowfullscreen=\"allowfullscreen\"><\/iframe><\/td>\n<\/tr>\n<tr>\n<td style=\"width: 50%; border-color: #ffffff;\">\u00a0<\/td>\n<td style=\"width: 50%; border-color: #ffffff;\">\u00a0<\/td>\n<\/tr>\n<\/tbody>\n<\/table>\n<p>\u00a0<\/p>\n<h1><strong><span style=\"font-size: 18pt;\">L&rsquo;accord\u00e9on et la vari\u00e9t\u00e9, musique de film, s\u00e9rie t\u00e9l\u00e9vis\u00e9e<\/span> <\/strong><\/h1>\n<h2><strong><span style=\"font-size: 14pt;\">Vari\u00e9t\u00e9<\/span><\/strong><\/h2>\n<table style=\"width: 100%; border-collapse: collapse; border-color: #ffffff;\" border=\"1\">\n<tbody>\n<tr>\n<td style=\"width: 50%; border-color: #ffffff;\"><iframe loading=\"lazy\" src=\"\/\/www.youtube.com\/embed\/Y9GCM9DZUJo\" width=\"560\" height=\"315\" frameborder=\"0\" allowfullscreen=\"allowfullscreen\"><\/iframe><\/td>\n<td style=\"width: 50%; border-color: #ffffff;\"><iframe loading=\"lazy\" src=\"\/\/www.youtube.com\/embed\/5tklk596Urg\" width=\"560\" height=\"315\" frameborder=\"0\" allowfullscreen=\"allowfullscreen\"><\/iframe><\/td>\n<\/tr>\n<tr>\n<td style=\"width: 50%; border-color: #ffffff;\"><iframe loading=\"lazy\" src=\"\/\/www.youtube.com\/embed\/7v4lEIV8LUI\" width=\"560\" height=\"315\" frameborder=\"0\" allowfullscreen=\"allowfullscreen\"><\/iframe><\/td>\n<td style=\"width: 50%; border-color: #ffffff;\">\u00a0<\/td>\n<\/tr>\n<\/tbody>\n<\/table>\n<p>\u00a0<\/p>\n<h2><strong><span style=\"font-size: 14pt;\">Musique de film<\/span><\/strong><\/h2>\n<h2><strong><span style=\"font-size: 14pt;\">s\u00e9rie t\u00e9l\u00e9vis\u00e9e<\/span><\/strong><\/h2>\n<p style=\"text-align: center;\"><iframe loading=\"lazy\" src=\"\/\/www.youtube.com\/embed\/FRRR8yTAL4E\" width=\"560\" height=\"315\" frameborder=\"0\" allowfullscreen=\"allowfullscreen\"><\/iframe><\/p>\n","protected":false},"excerpt":{"rendered":"<p>\u00a0 \u00a0 \u00a0 L&rsquo;accord\u00e9on\u00a0\u00bbbasses standard\u00a0\u00bb \u00a0 L&rsquo;accord\u00e9on et le r\u00e9pertoire classique L&rsquo;accord\u00e9on et le r\u00e9pertoire contemporain L&rsquo;accord\u00e9on et le jazz L&rsquo;accord\u00e9on et la vari\u00e9t\u00e9, musique de film, s\u00e9rie t\u00e9l\u00e9vis\u00e9e L&rsquo;accord\u00e9on \u00ab\u00a0basses standard\u00a0\u00bb L&rsquo;accord\u00e9on \u00ab\u00a0basses chromatiques\u00a0\u00bb R\u00e9pertoire fran\u00e7ais : R\u00e9pertoire russe &hellip; <\/p>\n","protected":false},"author":1,"featured_media":0,"parent":126,"menu_order":0,"comment_status":"closed","ping_status":"closed","template":"","meta":{"footnotes":""},"class_list":["post-128","page","type-page","status-publish","hentry"],"_links":{"self":[{"href":"https:\/\/et-musique.fr\/index.php\/wp-json\/wp\/v2\/pages\/128","targetHints":{"allow":["GET"]}}],"collection":[{"href":"https:\/\/et-musique.fr\/index.php\/wp-json\/wp\/v2\/pages"}],"about":[{"href":"https:\/\/et-musique.fr\/index.php\/wp-json\/wp\/v2\/types\/page"}],"author":[{"embeddable":true,"href":"https:\/\/et-musique.fr\/index.php\/wp-json\/wp\/v2\/users\/1"}],"replies":[{"embeddable":true,"href":"https:\/\/et-musique.fr\/index.php\/wp-json\/wp\/v2\/comments?post=128"}],"version-history":[{"count":1,"href":"https:\/\/et-musique.fr\/index.php\/wp-json\/wp\/v2\/pages\/128\/revisions"}],"predecessor-version":[{"id":129,"href":"https:\/\/et-musique.fr\/index.php\/wp-json\/wp\/v2\/pages\/128\/revisions\/129"}],"up":[{"embeddable":true,"href":"https:\/\/et-musique.fr\/index.php\/wp-json\/wp\/v2\/pages\/126"}],"wp:attachment":[{"href":"https:\/\/et-musique.fr\/index.php\/wp-json\/wp\/v2\/media?parent=128"}],"curies":[{"name":"wp","href":"https:\/\/api.w.org\/{rel}","templated":true}]}}