{"id":140,"date":"2023-09-29T11:02:00","date_gmt":"2023-09-29T09:02:00","guid":{"rendered":"https:\/\/et-musique.fr\/?page_id=140"},"modified":"2023-09-29T11:02:00","modified_gmt":"2023-09-29T09:02:00","slug":"culture","status":"publish","type":"page","link":"https:\/\/et-musique.fr\/index.php\/jeux\/culture\/","title":{"rendered":"Culture"},"content":{"rendered":"<p>&nbsp;<\/p>\n<p>&nbsp;<\/p>\n<p>&nbsp;<\/p>\n<p><span style=\"font-size: 18pt;\"><strong>1. Jeu de l&rsquo;oie<\/strong><\/span><\/p>\n<p><span style=\"font-size: 14pt;\">Ce jeu repose sur le principe du &lsquo;Jeu de l&rsquo;oie&rsquo;. Toutes les questions pos\u00e9es ne concernent que des musiciens r\u00e9put\u00e9s dans le blues, le jazz et le rock. Pour chacun d&rsquo;eux, vous devez associer son instrument de pr\u00e9dilection. lien : <\/span><a href=\"http:\/\/www.pianoweb.fr\/instrumentsetmusiciens-jeudeloie.php\"><span style=\"font-size: 14pt;\">http:\/\/www.pianoweb.fr\/instrumentsetmusiciens-jeudeloie.php<\/span><\/a><\/p>\n<p><img decoding=\"async\" src=\"http:\/\/ekladata.com\/NlA9bF7wqzE-IFHGtJdRQNYC2Fw@250x198.png\" alt=\"Jeu de l'oie autour du blues, jazz, rock\" \/><\/p>\n<p>&nbsp;<\/p>\n<p><strong><span style=\"font-size: 18pt;\">2. Jeu \u00ab\u00a0dobble musical\u00a0\u00bb<\/span><\/strong><\/p>\n<p><span style=\"font-size: 14pt;\">Jeu \u00e0 t\u00e9l\u00e9charger (format Pdf) <\/span><a href=\"http:\/\/etmusique.free.fr\/wp-content\/uploads\/2018\/09\/Dobble-Musical.pdf\"><span style=\"font-size: 14pt;\">Dobble-Musical<\/span><\/a><\/p>\n<p>&nbsp;<\/p>\n","protected":false},"excerpt":{"rendered":"<p>&nbsp; &nbsp; &nbsp; 1. Jeu de l&rsquo;oie Ce jeu repose sur le principe du &lsquo;Jeu de l&rsquo;oie&rsquo;. Toutes les questions pos\u00e9es ne concernent que des musiciens r\u00e9put\u00e9s dans le blues, le jazz et le rock. Pour chacun d&rsquo;eux, vous devez &hellip; <\/p>\n","protected":false},"author":1,"featured_media":0,"parent":138,"menu_order":0,"comment_status":"closed","ping_status":"closed","template":"","meta":{"footnotes":""},"class_list":["post-140","page","type-page","status-publish","hentry"],"_links":{"self":[{"href":"https:\/\/et-musique.fr\/index.php\/wp-json\/wp\/v2\/pages\/140","targetHints":{"allow":["GET"]}}],"collection":[{"href":"https:\/\/et-musique.fr\/index.php\/wp-json\/wp\/v2\/pages"}],"about":[{"href":"https:\/\/et-musique.fr\/index.php\/wp-json\/wp\/v2\/types\/page"}],"author":[{"embeddable":true,"href":"https:\/\/et-musique.fr\/index.php\/wp-json\/wp\/v2\/users\/1"}],"replies":[{"embeddable":true,"href":"https:\/\/et-musique.fr\/index.php\/wp-json\/wp\/v2\/comments?post=140"}],"version-history":[{"count":1,"href":"https:\/\/et-musique.fr\/index.php\/wp-json\/wp\/v2\/pages\/140\/revisions"}],"predecessor-version":[{"id":141,"href":"https:\/\/et-musique.fr\/index.php\/wp-json\/wp\/v2\/pages\/140\/revisions\/141"}],"up":[{"embeddable":true,"href":"https:\/\/et-musique.fr\/index.php\/wp-json\/wp\/v2\/pages\/138"}],"wp:attachment":[{"href":"https:\/\/et-musique.fr\/index.php\/wp-json\/wp\/v2\/media?parent=140"}],"curies":[{"name":"wp","href":"https:\/\/api.w.org\/{rel}","templated":true}]}}