{"id":788,"date":"2024-07-19T17:09:17","date_gmt":"2024-07-19T15:09:17","guid":{"rendered":"https:\/\/et-musique.fr\/?page_id=788"},"modified":"2024-07-19T17:29:18","modified_gmt":"2024-07-19T15:29:18","slug":"les-nuances","status":"publish","type":"page","link":"https:\/\/et-musique.fr\/index.php\/un-peu-de-theorie\/les-nuances\/","title":{"rendered":"Les nuances"},"content":{"rendered":"<p style=\"text-align: center;\"><iframe loading=\"lazy\" title=\"YouTube video player\" src=\"\/\/www.youtube.com\/embed\/8LXHD6-LlUo?si=Sol7VFleX0NllOYa\" width=\"560\" height=\"315\" frameborder=\"0\" allowfullscreen=\"allowfullscreen\"><\/iframe><\/p>\n<p>&nbsp;<\/p>\n<p style=\"text-align: center;\"><img loading=\"lazy\" decoding=\"async\" class=\"alignnone wp-image-792 size-full\" src=\"https:\/\/et-musique.fr\/wp-content\/uploads\/2024\/07\/livre-e1721402286884.png\" alt=\"\" width=\"31\" height=\"28\" \/> \u00a0 te permets d&rsquo;apprendre. En cliquant sur l&rsquo;image, tu auras la r\u00e9ponse.<\/p>\n<p style=\"text-align: center;\"><img loading=\"lazy\" decoding=\"async\" class=\"alignnone wp-image-793 size-full\" src=\"https:\/\/et-musique.fr\/wp-content\/uploads\/2024\/07\/point-interrogation-e1721402255495.png\" alt=\"\" width=\"25\" height=\"27\" \/> \u00a0\u00a0 c&rsquo;est un quiz, entraine-toi.<\/p>\n<p style=\"text-align: center;\"><img loading=\"lazy\" decoding=\"async\" class=\"alignnone wp-image-794 size-full\" src=\"https:\/\/et-musique.fr\/wp-content\/uploads\/2024\/07\/stylo-e1721402333243.png\" alt=\"\" width=\"31\" height=\"27\" \/> \u00a0 \u00e0 toi de r\u00e9pondre \u00e0 la question.<\/p>\n<p style=\"text-align: center;\">Avant de commencer, clique sur <img loading=\"lazy\" decoding=\"async\" class=\"alignnone wp-image-797 size-full\" src=\"https:\/\/et-musique.fr\/wp-content\/uploads\/2024\/07\/melange-e1721402529262.png\" alt=\"\" width=\"32\" height=\"27\" \/><\/p>\n<p>&nbsp;<\/p>\n<p><iframe loading=\"lazy\" src=\"https:\/\/ladigitale.dev\/digiflashcards\/#\/f\/669a7f1410bc6?vue=apprenant\" width=\"100%\" height=\"500\" frameborder=\"0\" allowfullscreen=\"allowfullscreen\"><\/iframe><\/p>\n","protected":false},"excerpt":{"rendered":"<p>&nbsp; \u00a0 te permets d&rsquo;apprendre. En cliquant sur l&rsquo;image, tu auras la r\u00e9ponse. \u00a0\u00a0 c&rsquo;est un quiz, entraine-toi. \u00a0 \u00e0 toi de r\u00e9pondre \u00e0 la question. Avant de commencer, clique sur &nbsp;<\/p>\n","protected":false},"author":1,"featured_media":0,"parent":102,"menu_order":0,"comment_status":"closed","ping_status":"closed","template":"","meta":{"footnotes":""},"class_list":["post-788","page","type-page","status-publish","hentry"],"_links":{"self":[{"href":"https:\/\/et-musique.fr\/index.php\/wp-json\/wp\/v2\/pages\/788","targetHints":{"allow":["GET"]}}],"collection":[{"href":"https:\/\/et-musique.fr\/index.php\/wp-json\/wp\/v2\/pages"}],"about":[{"href":"https:\/\/et-musique.fr\/index.php\/wp-json\/wp\/v2\/types\/page"}],"author":[{"embeddable":true,"href":"https:\/\/et-musique.fr\/index.php\/wp-json\/wp\/v2\/users\/1"}],"replies":[{"embeddable":true,"href":"https:\/\/et-musique.fr\/index.php\/wp-json\/wp\/v2\/comments?post=788"}],"version-history":[{"count":7,"href":"https:\/\/et-musique.fr\/index.php\/wp-json\/wp\/v2\/pages\/788\/revisions"}],"predecessor-version":[{"id":800,"href":"https:\/\/et-musique.fr\/index.php\/wp-json\/wp\/v2\/pages\/788\/revisions\/800"}],"up":[{"embeddable":true,"href":"https:\/\/et-musique.fr\/index.php\/wp-json\/wp\/v2\/pages\/102"}],"wp:attachment":[{"href":"https:\/\/et-musique.fr\/index.php\/wp-json\/wp\/v2\/media?parent=788"}],"curies":[{"name":"wp","href":"https:\/\/api.w.org\/{rel}","templated":true}]}}